t is the units digit of v?
9
Let f(h) = -h**3 + h**2 + h - 81. Let i be f(0). Let q be i/2 - 2/(-4). Let v = q - -59. What is the units digit of v?
9
Let q(z) = -z + 6. Let u be (-1)/((-11)/5 - -2). What is the units digit of q(u)?
1
Let z(x) = -x + 6. Let j be z(6). Let r(l) = 3*l. Let o be r(-3). What is the units digit of (j - -6)*o/(-6)?
9
Suppose -10 = 2*m, -2*m - 109 = -c + m. What is the units digit of c?
4
Suppose x = 3*j + 4, 0 = x + 2*j + 6. Let t = 5 + x. Suppose 0 = r + 4*z - 9, 3*z + 17 + 10 = t*r. What is the units digit of r?
9
Suppose -200 = -3*u - 2*u. What is the units digit of (26/(-10))/((-8)/u)?
3
Let x = -172 - -262. Suppose 2*y = -3*y + x. What is the units digit of y?
8
Suppose 2*a - 40 = -3*a. Suppose -48 = -a*y + 3*y + 2*b, 0 = -y - b + 4. What is the units digit of y?
8
Let s = -23 - -28. What is the tens digit of 11*3 + -8 + s?
3
Let u = 172 - 107. What is the units digit of u?
5
Suppose 0 = -2*t - 0*t + 2. What is the units digit of (-24)/(-6) + t*2?
6
Suppose 2*k + y - 2 = 0, 0*y - 14 = 2*k + 5*y. Let n(a) = 2*a - 4. Let t be n(k). What is the units digit of 5/2*4/t?
5
Suppose -i = b - 6*i + 4, i = 4. Suppose -5*l - 4*f + f + 143 = 0, -73 = -3*l - 5*f. Let n = l - b. What is the tens digit of n?
1
Let i = -133 + 159. What is the tens digit of i?
2
Let h(c) = 5*c**2 + 6*c + 5. What is the units digit of h(-3)?
2
Let c be 1*-2 - (-5)/1. Suppose 25 = -2*r + 3*r + 4*h, 15 = c*r - 3*h. What is the units digit of r?
9
Let z = -93 - -174. What is the units digit of z?
1
Suppose 2 + 0 = 4*h - 3*x, 4*h - x = 6. Let q be (9/(-12))/(h/16). What is the units digit of ((-1)/3)/(2/q)?
1
Let u be (-2)/(1 - 12/16). Let h = u - -13. What is the units digit of h?
5
Suppose 5*j - 3*w - 6 = 7, w = 4*j - 9. Let s(k) = 1 - 3 - 1 + k**j - 6*k. What is the tens digit of s(8)?
1
Let k(j) = 3*j + 5. Suppose -8 = 2*d - 4*d. What is the tens digit of k(d)?
1
Let n(z) = -z**3 - 2*z**2 - 1. Let t be n(-2). Let x = 4 + t. Suppose r + x*k = -4*r + 19, -4*r + 5*k - 7 = 0. What is the units digit of r?
2
Let o(j) = 4*j**2 + 2*j + 1. Let l be o(-1). Suppose -28 + 8 = -2*c - l*p, 3*p + 1 = c. What is the units digit of c?
7
Suppose 2*t + 2 = -2*c, 3*t - 3*c = t + 3. Suppose t = -f - 0*f + 9. Let a = f - 5. What is the units digit of a?
4
Let n = 18 + -3. What is the tens digit of n?
1
Let m = 0 + 5. What is the units digit of m?
5
Let a(p) = p - 2. Let q be a(-7). What is the units digit of ((-45)/12)/(q/24)?
0
Let y(v) = -2*v + 6. Let b = 26 + -18. Let n be y(b). Let f(z) = -z**2 - 13*z - 15. What is the tens digit of f(n)?
1
What is the hundreds digit of (-3000)/(-19) - (-2)/19?
1
Let i(m) = -4*m + 5. Let w be i(5). What is the units digit of (4/6 - 1)*w?
5
Let c = -8 + 3. Let h = 21 + c. Let z = -10 + h. What is the units digit of z?
6
Let i(v) = v**3 - 5*v**2 - 3*v + 7. Let p be i(5). Let c = p - -13. Suppose 5*l + c*h - 50 = 0, -2*l = -l - 4*h + 10. What is the units digit of l?
6
Let s = 40 + -25. What is the tens digit of s?
1
Let k(b) = -b**2 - b + 9. Let c be k(0). Let o = c + -2. Suppose 4*h + r - 8 = 0, 4 + o = -h + 3*r. What is the units digit of h?
1
Suppose -195 = -8*c + 349. What is the units digit of c?
8
Let v = -57 + 85. What is the tens digit of v?
2
Let v(r) = -r**3 - 14*r**2 + 15*r + 2. What is the units digit of v(-15)?
2
Suppose 0 = -2*y - 10 - 6. Let w = 17 + y. What is the units digit of w?
9
Suppose 3 = -f + 5, -560 = -5*q - 5*f. What is the hundreds digit of q?
1
Let z be -12*(-3)/(18/(-4)). Suppose 19 = -2*m - 7. Let i = z - m. What is the units digit of i?
5
Suppose 0 = 4*a - 5*l - 7, 3*l = 2*a - 0*l - 3. Suppose a*t = 12, -5*k + 2*k = 2*t - 14. Suppose k = g + g. What is the units digit of g?
1
Suppose 5*g + r - 12 = -0*r, -5*r - 15 = 0. What is the units digit of g?
3
Let d = -1 - -83. What is the units digit of d?
2
Let v(s) = s**2 + 7*s + 7. Let m be v(-7). Let t = m - 5. What is the units digit of ((-7)/t)/((-1)/2)?
7
Suppose 4*r - 5*d = -17, 0 = 4*d - 4 - 16. Suppose 3*v - r*s - 17 = 0, 4*s = v - 0*v - 19. What is the units digit of (-2 - -1 - -1) + v?
3
Let h = -37 + 36. Suppose 0 = 3*j - 21 + 6. Let m = h + j. What is the units digit of m?
4
What is the tens digit of 348 - (-3 - (-9 + 4))?
4
Let w = 4 + -7. What is the units digit of (w/2)/((-1)/8)?
2
Suppose 14*x = 861 + 2737. What is the hundreds digit of x?
2
Let l(i) = i**3 + 7*i**2 - 9*i - 4. Suppose -3*v = 5*m + 55, 0*m - 5*v = -2*m + 9. What is the units digit of l(m)?
4
Suppose 5*k + 25 = 0, 5*j - k = -3 - 2. What is the tens digit of j/8 + 292/16?
1
Let s(d) = -d**2 - 4 + 5*d - 9*d + 4. What is the units digit of s(-3)?
3
Let k(y) = 49*y - 3. Let a be k(2). Suppose -3*j + 26 = 5*q - 49, 5*q = j + a. What is the tens digit of q?
1
Let k = 81 + -57. What is the tens digit of k?
2
Suppose -51 = -5*c - 1. Let b(r) be the third derivative of r**6/120 - 11*r**5/60 + 3*r**4/8 + 7*r**3/3 - 6*r**2. What is the units digit of b(c)?
4
Let h be -3 + (-5)/((-5)/4). Suppose -g + h = -3. What is the units digit of g?
4
Suppose 2*p + 4*b = -4, 0*p - 3*p - 4*b = 8. Let f be (-4)/3*18/p. Suppose s + 35 = f*s. What is the units digit of s?
7
Let u(b) = -b**3 + 5*b**2 - 4*b. Let j be u(3). Let i = 39 - 33. Let d = i + j. What is the tens digit of d?
1
Let c be 4/(-6) + 2110/15. Suppose 2*m = -3*m + 3*f + c, -68 = -3*m + 5*f. What is the units digit of m?
1
Suppose -2*o = 3*x - 13, 5*x + 1 = 6. What is the units digit of o?
5
Let g = -28 + 47. What is the units digit of g?
9
Suppose 0 = k - 2*j + 9, -2*k - 2*j = 2*k - 4. Suppose 0 = -0*f + 3*f - 3*w - 36, -2*f = -w - 24. What is the units digit of 1/(k - f/(-10))?
5
Let q(b) = b**3 - 4*b**2 - 2*b + 4. Let l be q(4). Suppose -d - 62 = -4*o + 4*d, -4 = 2*d. Let v = o + l. What is the units digit of v?
9
Let m be (4/10)/(1/5). Suppose 40 = -z + m*z. What is the units digit of z?
0
Let d = 7 - 8. What is the units digit of ((-4)/(-10))/(d/(-15))?
6
Let d be (18/(-6))/(1/(-3)). Let f = d + -4. Let j = f + 2. What is the units digit of j?
7
Let v(y) = -y**2 - 12*y - 13. Let i be v(-11). Let s = 47 + i. What is the tens digit of s?
4
Let d = -130 - -217. What is the tens digit of d?
8
Let m(a) = a**3 + 5*a**2 - 6*a + 8. Let d be m(-6). Suppose 0 = 5*f - 12 - d. Suppose -f*z - 55 = -9*z. What is the units digit of z?
1
Let w(v) = 32*v - 53. What is the tens digit of w(7)?
7
Suppose -r = 1 + 1, -3*b + r + 101 = 0. What is the tens digit of b?
3
Let v = -8 - -9. Let b be 3 + v + -3 - 9. Let o(j) = -j**3 - 9*j**2 - 11*j - 11. What is the units digit of o(b)?
3
Let b(c) = c**2 + 3*c - 3. Let x(i) = -2*i**2 - 5*i + 5. Let o(u) = -5*b(u) - 2*x(u). Let k be o(-5). Suppose -h = -k*h + 32. What is the units digit of h?
8
Suppose 2*i - 186 = -5*a, -200 = -4*a - i - 53. What is the units digit of a?
6
What is the tens digit of -1*(-3 + 5) + (-134)/(-1)?
3
Suppose s - 2*s = -75. What is the tens digit of s?
7
Suppose l + 11 = -4*r, 2*l - r = 6*l - 16. What is the units digit of l?
5
Suppose 0 = f - 2 - 3. Suppose 17 = f*s - 33. What is the tens digit of s?
1
Let j = -54 + 113. What is the tens digit of j?
5
Let x(u) = u + 3. Let n = -5 + 8. What is the units digit of x(n)?
6
Suppose -3*s = -6 - 0. Suppose -s*o + 64 = 2*o. What is the tens digit of o?
1
Let h(u) = -7*u**3 - 10*u**2 + 12*u + 7. Let j(x) = 3*x**3 + 5*x**2 - 6*x - 4. Let k(p) = 2*h(p) + 5*j(p). What is the tens digit of k(-5)?
2
Let x = 41 - 30. What is the units digit of x?
1
Let i be 762/27 - (-2)/(-9). Let m = i + -4. What is the units digit of m?
4
Let v(r) = -32*r + 15. What is the hundreds digit of v(-7)?
2
Let r(m) be the third derivative of -5*m**4/24 - m**3/6 - 2*m**2. What is the units digit of r(-3)?
4
Suppose -2*k = k + 54. Let m be (-2)/4 - (-3)/(-2). What is the units digit of (k/(-5))/(m/(-5))?
9
Suppose 0*w = -5*i - 4*w + 3584, 2*w + 3608 = 5*i. What is the units digit of (-2)/(-5)*i/8?
6
Suppose -p + 5 = 0, 4*u - 50 = 3*u - 3*p. What is the units digit of u?
5
Suppose -3*i + 3*j + 126 = 18, -j = 2*i - 60. What is the units digit of i?
2
Let y(u) = 7*u + 8. Let g be y(-10). Let l be 2/12 + g/12. What is the units digit of (2/l)/((-1)/5)?
2
Let l = 14 + -9. Suppose 3*u + 3*g - 16 - l = 0, -g = 3. What is the units digit of u?
0
Suppose -5*z + 20 = -3*z + 4*x, -3